, 2*o - 5*p = 25. Suppose o = -5*h - 291 + 1061. Calculate the highest common divisor of h and 14.
14
Let c(o) = -o**3 - 3*o**2 + 8*o + 3. Let l be c(-5). Calculate the greatest common divisor of 52 and l.
13
Suppose 0 = s + 5*c - 13 + 5, 5*s = -c + 136. Suppose 0 = -12*n + 9*n + 210. Calculate the greatest common factor of s and n.
14
Let x = 109 + -35. Suppose w - 32 = 5*s - 1, -5*s + x = 4*w. What is the highest common factor of w and 14?
7
Let c(r) = r**3 - r**2 + r + 36. Let z be c(0). Let f(l) = 2*l**2 - 5*l + 1. Let a be f(3). What is the greatest common factor of z and a?
4
Suppose -3*n + 84 = 2*a, -a + 9*n = 4*n - 16. Suppose -140 = -u - a. What is the highest common divisor of 26 and u?
26
Suppose k - 4*k = 12, 5*g + 4*k - 64 = 0. Let t = -53 + 133. Calculate the highest common factor of g and t.
16
Suppose 2*u + 4 = -4*m + 26, 49 = 5*u + 4*m. Suppose -2*r + u - 7 = 0. Suppose 0*p + 3*p = 9. Calculate the highest common factor of p and r.
1
Suppose -59 = -13*k + 19. Calculate the greatest common factor of 78 and k.
6
Let h be 10/(-5) - (-28)/2. Let x be 17*1 + -8 + 9. Calculate the greatest common divisor of h and x.
6
Let o be 2/6 + 10/(-3). Let q = o - -12. Calculate the highest common factor of q and 9.
9
Suppose 0 = 5*j - 14 - 6. Calculate the highest common factor of j and 20.
4
Suppose t = -4, j - 22 = -5*t + 3. What is the greatest common factor of 9 and j?
9
Let o(n) = -n**2 - 6*n - 3. Let f be o(-2). Let z = 4 + -3. Suppose -2*y = 2, 4*l + y = -2*y + z. Calculate the highest common divisor of l and f.
1
Suppose 2*h = -5*n - h + 61, -4*h + 58 = 5*n. Suppose a = -3*a - 20. Let y(k) = -2*k - 3. Let d be y(a). Calculate the highest common divisor of n and d.
7
Let r = -2 + 2. Suppose r = -v - 2*v + 33. Calculate the greatest common factor of v and 22.
11
Suppose 4*l + 0*l - 32 = -2*p, 2*l = -4*p + 40. Suppose 29 = -2*c + 6*q - q, 0 = -4*q + 4. Let j = c - -52. Calculate the highest common factor of p and j.
8
Let x = 15 + -4. Suppose -5*r + x = d, 48 = 2*d - 2*r - r. Calculate the highest common factor of d and 126.
21
Let s be (-17)/1*(1 - 2). Suppose -s = -5*z + 18. What is the greatest common divisor of 77 and z?
7
Suppose -5*t - 4*p + 44 = 0, 2*t + 5*p = 12 + 9. Let a(f) = 15*f + 5. Let s be a(6). Suppose -3*d = -t*d + s. Calculate the highest common divisor of 133 and d.
19
Let u = 406 - 203. What is the highest common factor of 29 and u?
29
Suppose 5*b - 106 = 194. Let z = -26 + 41. What is the greatest common divisor of b and z?
15
Suppose -4*r + 6*r = k + 3, 3*k = 15. Suppose -3*i - 2*i = -50. Suppose -z + h = -i, r*h = -z + 2*z - 13. Calculate the greatest common factor of 81 and z.
9
Suppose -4*l = l + 5. Let x be (l/(-2))/(3/36). Let s = 38 + -14. What is the greatest common divisor of s and x?
6
Suppose 7*p - 3*p = 36. Suppose 4*x = -5*k - 90, 3*k + 2*x = -3*x - 54. Let l = k - -63. Calculate the highest common factor of p and l.
9
Suppose -3*i + 25 = 13. Calculate the greatest common divisor of 24 and i.
4
Suppose -2*v = 5*g - 26, -4*g = 6*v - v - 31. Suppose 16 + 2 = v*q. Let i be 30/9*(0 + q). Calculate the highest common factor of 180 and i.
20
Suppose -4*b = -3*u - 15, 2*b - 2*u - 2*u = 10. Let w be 2/7 + 240/42. Calculate the highest common factor of b and w.
3
Let u(j) = j**2 - j**2 + j**3 + 6*j - 6*j**2 + j**2 - 6. Let f be 6 - (5 + -2 - 1). Let w be u(f). Calculate the greatest common divisor of w and 2.
2
Suppose 2*j - j = 4*y - 747, 4*y = 5*j + 743. Suppose b - 2 = -1. Suppose s = 3*q + 12 - b, 64 = 4*s - 2*q. Calculate the highest common factor of s and y.
17
Let p(k) = -13*k + 56. Let b be p(0). What is the highest common factor of b and 7?
7
Let h = 20 + -17. Let y be 8/(h/(-33)*-1). What is the highest common divisor of y and 8?
8
Let r(j) = 15*j + 2. Let t be r(4). Calculate the highest common factor of t and 31.
31
Let n = -13 + 26. Suppose 2*x - 3 = 19. Suppose -x - 145 = -2*q. Calculate the highest common factor of q and n.
13
Let o = -1 - -10. Calculate the greatest common divisor of 9 and o.
9
Let s be 2 - (-20 + 1 - -1). What is the highest common divisor of 100 and s?
20
Let y be (-2)/7 - (-258)/21. Calculate the highest common factor of y and 96.
12
Let t be ((-3)/(-2))/((-30)/40). Let s be -2 - (-7 + t - -3). Calculate the highest common divisor of s and 1.
1
Suppose 3*v - 35 = -r, 0 = -7*r + 3*r + 2*v + 70. Calculate the highest common divisor of 50 and r.
10
Suppose 2*j = 4*j - 88. What is the greatest common divisor of 66 and j?
22
Let l = 1 + -2. Let z be l/4 + (-314)/(-8). Calculate the greatest common factor of z and 13.
13
Let m(y) = 2*y**2 + 3*y + 4. Let t be m(4). What is the highest common divisor of t and 72?
24
Let h(j) = j**3 + 5*j**2 + j + 2. Let k be h(-4). Suppose -5*t + c + 278 = 0, -2*t + 18 = 5*c - 104. What is the greatest common factor of k and t?
14
Suppose d - 5*d + 288 = 0. Suppose b - d = -3*b. What is the highest common divisor of 18 and b?
18
Let q(z) = -z**2 - 6*z + 3. Let a be q(-7). Let m be (a/12)/((-3)/54). Calculate the highest common factor of m and 2.
2
Suppose 2*t + 5*n - 17 = 0, 0 = -3*t - 2*t + 5*n + 25. What is the greatest common factor of 66 and t?
6
Let a be (-4)/14 + 2212/196. What is the greatest common factor of a and 88?
11
Let n = 9 - 17. Let a = 22 - n. Let r = a - 17. Calculate the greatest common divisor of 143 and r.
13
Suppose l = -3*p + 192, -l + 5*p = -3*l + 383. What is the highest common divisor of l and 21?
21
Suppose 0 = 3*z - 9 - 6. Calculate the highest common divisor of z and 1.
1
Let d be (-105)/(-14)*(-32)/(-6). What is the greatest common factor of 5 and d?
5
Let p be 6/27 - (-50)/18. Suppose -p*b = -6*b + 540. What is the highest common divisor of b and 30?
30
Let z = -2 - -4. Suppose -z*b + 1 + 3 = 0. What is the highest common factor of b and 2?
2
Let i(f) = -3*f - 9. Let j be i(-4). Suppose -4 = -2*a + 2. Calculate the greatest common factor of j and a.
3
Suppose 4*c - c - 3 = 0. Suppose -4*w - 2*d - 3 = -5, -w + 5 = -4*d. Calculate the highest common divisor of c and w.
1
Suppose -f + 4 = -28. Suppose -5*h + 5*u = -215, 4*u + 54 = -5*h + 314. What is the greatest common factor of h and f?
16
Suppose 5*f = 10 + 15. Suppose -3*t + 6*t + 14 = s, 0 = -s - f*t - 18. Calculate the greatest common factor of 16 and s.
2
Suppose -11 = -5*d + 4*m, 4*m = d - 6*d + 19. What is the greatest common factor of d and 15?
3
Suppose 4*y - 210 = -y. Let n be 48/6*2/4. Suppose n*k - 6 = 50. What is the greatest common factor of y and k?
14
Let o be 77/2 - (-7)/(-14) - -3. What is the greatest common divisor of o and 164?
41
Suppose -2*n + 20 = 2*h, 4*h - 16 = -3*n + 17. Suppose -2*r = -50 - 6. Calculate the highest common divisor of n and r.
7
Let j(r) = r**2 - r + 1. Let d be j(-1). Suppose 15 = c + 4*c. What is the greatest common divisor of c and d?
3
Suppose -17 - 58 = 5*s. Let a = -9 - s. What is the highest common factor of 9 and a?
3
Let c = 104 + -71. What is the greatest common factor of 3 and c?
3
Suppose -20 - 12 = -4*n. Calculate the highest common factor of n and 24.
8
Suppose 2*n = n + 4. What is the greatest common divisor of 1 and n?
1
Let r(v) = v**2 - 14*v - 5. Let c be r(15). Calculate the greatest common divisor of c and 110.
10
Let s be 38/((-3)/(12/8)). Let q = s - -25. Let p = 38 + 22. Calculate the highest common divisor of q and p.
6
Let p = -30 + 50. Suppose 4*y = -62 + 782. What is the greatest common factor of p and y?
20
Suppose 4*y - h - 168 = -5*h, -4*y + 4*h = -160. Let w = y - 22. Suppose 64 = 3*k + j, 3*k - 3*j - 29 = w. Calculate the highest common factor of 2 and k.
2
Let q be 27/5 - (-4)/(-10). Suppose 2*u - 4*x + 2420 = 6*u, 2*u - q*x = 1175. Suppose -g = -6*g + u. Calculate the highest common divisor of g and 12.
12
Suppose 398 = 5*y - 2*q - 228, -370 = -3*y + 4*q. Calculate the greatest common divisor of 14 and y.
14
Let x(b) = -b**2 + 16*b - 17. Let i be x(14). Let v = i - 3. What is the greatest common divisor of 72 and v?
8
Let c be 2 + (2/1 - 2). Suppose -15 + 1 = -j - 5*y, -2*y = c. Suppose 2*k - 2*p - 43 = -5, k = 2*p + j. What is the highest common factor of 209 and k?
19
Let b(d) = d**2 - 9*d + 8. Let l be b(8). Suppose l = 2*c - 4*c - 4*k + 82, -4*k = -c + 71. Calculate the greatest common fa